 10?
7
Let y = -25 - -78. Let u(t) = 3*t**3 - 2*t**2 + 2. Let p be 3/6*(-12)/(-3). What is the remainder when y is divided by u(p)?
17
Suppose 5*n + 5 = -45. Let c = n - -48. Let v(z) = -3*z + 8. What is the remainder when c is divided by v(-4)?
18
What is the remainder when 3/(-2)*(-11)/(-33)*-226 is divided by 39?
35
Suppose -u + 59 = -b, 9*u - 5*b + 209 = 12*u. What is the remainder when 311 is divided by u?
59
Suppose -3*a - i = -2, -i - 2 = -0*a + a. Let z(x) = -3*x**a + 3*x**2 + 2*x**3 - 3*x**3 + 2*x - 5*x**2. Calculate the remainder when 46 is divided by z(-6).
22
Let g = 6 - -6. What is the remainder when (-352)/(-6) + 1/3 is divided by g?
11
Let k(y) = 6*y + 47. Suppose 0 = 2*a + 4*s - 0*s - 6, 0 = 4*s - 20. Suppose 5*m = 3*m + 32. Calculate the remainder when m is divided by k(a).
1
Calculate the remainder when 894 is divided by -49*(-16)/112 - (-15 + -1).
20
Let b = 53 - 64. Let m(u) = u**2 + 8*u + 27. Calculate the remainder when m(b) is divided by 14.
4
Let i = 470 + -337. Calculate the remainder when i is divided by 60.
13
Let b = 14 - 36. Let u = b - -31. Let j(q) = q**2 + 3*q - 2. What is the remainder when j(4) is divided by u?
8
Let h = -202 - -219. What is the remainder when 23 is divided by h?
6
Let d be (-4)/(-6) + (-12)/(-9). Suppose 0 = -d*i + 17 + 25. What is the remainder when 60 is divided by i?
18
Let j(y) = -y + 19. Let a(u) = 0 + 0 + 3 - 2. Let n(q) = 4*a(q) + j(q). Calculate the remainder when n(0) is divided by 8.
7
Let x be (4/5)/(-1 + (-107)/(-105)). Suppose o + 9 = x. What is the remainder when o is divided by 17?
16
Suppose -4*l + 6 = -5*c - 10, 0 = l + 3*c - 4. Suppose -l*h + 2*h + 24 = 0. Calculate the remainder when 19 is divided by h.
7
Suppose 0 = -14*s + 9*s - 20. Let b(x) = -14*x - 24. Calculate the remainder when b(s) is divided by 9.
5
Suppose 0 = -2*q - 2*q. Let a(x) = x**3 - 2*x**2 - x + 7. What is the remainder when 19 is divided by a(q)?
5
Suppose 2*n - 209 = 3*g, -6*n + n = -2*g - 506. Let z = 178 - n. Suppose -2*q + 49 = 4*a - 11, -2*q = a - 12. What is the remainder when z is divided by a?
14
Suppose -a + 79 = b, -2*a = 4*b - 4*a - 286. Let f = -33 - -14. What is the remainder when b is divided by (-4)/(-6)*-6 - f?
14
Let p be 3 - -2*(-3)/2. Suppose m = -5*k - m + 555, p = -5*k + 5*m + 590. What is the remainder when k is divided by 29?
26
Let t = 7 + -2. Suppose t*c = c + 32. Let q(s) = 29*s**2 - s + 2. What is the remainder when q(1) is divided by c?
6
Let b be 2 - (-5866)/4 - (-6)/4. What is the remainder when ((-36)/(-30))/(9/b) is divided by 18?
16
Let d be 15/25 - (-24)/(-15). Let s be (4 - 2)*d + 5. Suppose -s*w + 15 = -2*w. What is the remainder when w is divided by 6?
3
Let n(f) = f**2 - 24*f - 40. Let w(x) = x - 1. Let p(o) = -n(o) - 4*w(o). What is the remainder when p(20) is divided by 12?
8
Let j be (140/15)/7*3. Let l(w) = w**3 - w**2 - 3*w - 1. Calculate the remainder when l(j) is divided by 12.
11
Let m be 5 + -2 + 1 + -3. What is the remainder when 36 is divided by (-2)/9 + 519/27 + m?
16
Let g(h) be the first derivative of -5*h**2/2 + 7*h + 12. Let i = 15 - 23. Calculate the remainder when g(i) is divided by 17.
13
Let g(h) = 6*h**2 + 57*h - 14. Calculate the remainder when g(-20) is divided by 32.
30
Suppose 0 = -8*c + 4*c + 8, -114 = -4*z + c. Calculate the remainder when (-989)/(-7) + (-18)/63 is divided by z.
25
Suppose -3*v = t + 3*t + 4, -3*v + 4 = -4*t. Suppose -7*w = -4*h - 3*w + 12, 3*h - 5*w - 1 = v. Calculate the remainder when 69 is divided by h.
6
Let j be (-3)/12 - 50/(-8). Let n be 5/(-2)*j/(-3). Suppose -n*q = -3*q - 10. What is the remainder when 12 is divided by q?
2
Let q(x) = -43*x**2 + x - 1. Let r be q(-2). Let m = r - -292. Suppose -4*z + 144 = -g, -3*z = -g - 2*g - m. Calculate the remainder when z is divided by 13.
9
Let k be ((-8)/(-6))/(-4)*27. Let p(r) = -12*r - 39. What is the remainder when p(k) is divided by 7?
6
Let s(q) = -q**3 + 22*q**2 - 23*q + 59. What is the remainder when 168 is divided by s(21)?
15
Let y be 4/3*(5 + -5 + 3). Suppose -2*g + y*u + 52 = 0, 3*g + 2*u - 42 = -u. Calculate the remainder when 34 is divided by g.
16
Let v(f) = -f**3 + 8*f**2 - 7*f + 5. What is the remainder when 117 is divided by v(2)?
12
Suppose -4*u = 2*u - 342. Calculate the remainder when u is divided by 51.
6
Suppose 160 = 3*b + 4*j, -6*b = -b - 3*j - 315. Suppose -27*x = -25*x - b. What is the remainder when x is divided by 12?
6
What is the remainder when (-1253)/(-49) - (-4)/(-7) is divided by ((-12)/9)/((-4)/42)?
11
Let g = -27 - -32. Suppose -g*d = z + 13, 2*d + d = -z - 5. Calculate the remainder when 41 is divided by z.
6
Let o(m) = 51*m**2 + 72*m - 1. What is the remainder when 118 is divided by o(-2)?
0
Let n = -628 + 690. Let i be -1 + 3 - (4 + -2). Let d = i - -16. Calculate the remainder when n is divided by d.
14
Suppose -3*a - 91 = -5*r + 28, -3*a + 6 = 0. Calculate the remainder when 117 is divided by r.
17
Let r = -7 - -41. What is the remainder when r is divided by (-6 - (5 + -15))/((-2)/(-4))?
2
Let v = 872 - 616. What is the remainder when v is divided by 13?
9
Let s(c) = 4*c**3 - 5*c**2 + 4*c - 3. Suppose 6*t = 54 + 336. Calculate the remainder when t is divided by s(2).
14
Let o(b) = b**2 - 4*b + 2. Let z be o(4). Let h(u) = -6*u + 4*u**2 - 5*u + 17 - z*u**2 - u**2. Calculate the remainder when h(10) is divided by 2.
1
Calculate the remainder when 98 - 10*36/120 is divided by 8.
7
Let d = -7 - -10. Let g(z) = -z + 6. Let h be g(6). Suppose h*l + 2*l - 10 = 0. Calculate the remainder when l is divided by d.
2
Let k(r) = -123*r - 39. Calculate the remainder when k(-2) is divided by 52.
51
Suppose 0 = -4*y + 9*y. Suppose -h + 51 = -y. Suppose -2*o - h = -5*d, o = -4*d - 0*o + 33. Calculate the remainder when d is divided by 4.
1
Let n(f) = 4 + 2 - 189*f + 56*f. Calculate the remainder when n(-1) is divided by 28.
27
Let y be 1/4 - 13/4. Suppose -4*n + 58 = 6*v - v, -3*n = 4*v - 43. What is the remainder when n is divided by (2/y)/((-4)/66)?
6
Suppose b = -12 + 13. Calculate the remainder when b is divided by 1.
0
Let a be 3 + 5 + 1/1. Suppose -28 + 13 = -5*g. What is the remainder when 30/a*(8 - 5) is divided by g?
1
Let s = 21 - -2. Suppose 0 = 53*u - 44*u - 729. What is the remainder when u is divided by s?
12
Suppose 0 = -7*n + 4*n - 4*k + 65, 4*n - k - 74 = 0. What is the remainder when 303 is divided by n?
18
What is the remainder when (-261)/(5 + 26/(-4)) is divided by 35?
34
Let u(j) = j**3 + 6*j**2 + 15*j + 7. Let b be u(-10). Let o(k) = -k**2 - 10*k - 1. What is the remainder when b/(-6) - (0 + 3/2) is divided by o(-6)?
20
Suppose 111 + 116 = 4*o + 3*z, 0 = -3*z + 15. Calculate the remainder when o is divided by 7.
4
Suppose 2684 = 10*p - 686. What is the remainder when p is divided by 26?
25
Let j = 350 - 344. What is the remainder when 242 is divided by j?
2
Let s(t) = -t**2 + 30*t - 82. Let b(k) = -k**2 + 10*k - 4. What is the remainder when s(24) is divided by b(5)?
20
Let y = -67 - -70. Suppose 5*a - 400 = -2*s - s, 4*a = -y*s + 401. Calculate the remainder when s is divided by 17.
16
Let i(u) = 2*u**2 - 15*u - 5. Let o be i(8). Suppose 4*z - 114 = -2*l, -5*l + 6 = -2*z + o*z. What is the remainder when z is divided by 6?
1
Let h(m) = 5*m + 22. Let t be h(-3). Let z = 0 + t. What is the remainder when 30 is divided by z?
2
What is the remainder when 115 is divided by (-20)/90 - (-1632)/54?
25
Let i = 147 + 66. Suppose 0 = q + 4*q - 135. Calculate the remainder when i is divided by q.
24
Let b = -10 - -49. Let p = 181 + -120. Let n = p - b. Calculate the remainder when n is divided by 8.
6
What is the remainder when 263 is divided by (-664)/(-10) + (-42)/105?
65
Let z = 61 - 55. Suppose 2*c - 6 = z. Calculate the remainder when 7 is divided by c.
1
Let n(r) = r**2 + 9*r - 14. Let c be n(6). Let y = c - 40. Calculate the remainder when y is divided by 8.
4
Let m be 36/16 + 2/(-8) + 6. Calculate the remainder when (m - 122)*2/(-4) is divided by 15.
12
Suppose -75 = 4*r - 59. Calculate the remainder when 10 is divided by 5 + r/(24/(-18)).
2
Let b(f) = f**3 - f**2 - f + 1. Let m be b(3). Let k = m + -9. Suppose -50 = -k*t + 2*t. Calculate the remainder when 39 is divided by t.
9
Let w = 0 - -15. Let c(r) = -r**3 - 12*r**2 - 1